(-128)/(-20) - -10*(-2)/50?
2
Suppose 0 = a - 0 - 4. Suppose 4*i + 21 = a*t + 65, -i = t + 11. Let h = -8 - t. Calculate the remainder when h is divided by 1.
0
Suppose 939 - 339 = 12*l. Calculate the remainder when l is divided by 37.
13
Let o = 179 - -17. Calculate the remainder when o is divided by 9.
7
Suppose 0 = 4*g - 7*g + 33. Let w(y) = -g - 5 + 1 + 0 + 13*y. Calculate the remainder when w(6) is divided by 16.
15
Let t = 182 - 21. What is the remainder when t is divided by 41?
38
Let c be (-3 + 3/3)*-1. Suppose -c - 26 = -2*a. What is the remainder when ((-1)/(-2))/(2/212) is divided by a?
11
Suppose -6*p + 5*p + 119 = 0. Suppose -o + p = 6*o. What is the remainder when 30 is divided by o?
13
Let q = 139 + -92. Suppose -5*w + 15 = -h - 48, 27 = w - 5*h. Calculate the remainder when q is divided by w.
11
Let b(k) = -105*k**2 + 3*k - 5. Let g(i) = 70*i**2 - 2*i + 3. Let l(y) = 5*b(y) + 8*g(y). Suppose 2*j - 9 = 9. What is the remainder when l(-1) is divided by j?
8
Let k = 65152 - 65102. Let a = -2 - 5. Let n = a + 24. Calculate the remainder when k is divided by n.
16
Calculate the remainder when (7 + (-55)/15)*(-468)/(-10) is divided by 34.
20
Suppose 68 = 16*u - 28. What is the remainder when 22 is divided by u?
4
Let p be 46/((-2)/(-1)*(-15)/30). Let l = 231 + p. What is the remainder when l is divided by 31?
30
Suppose 0 = 4*u - 3*u - 4. Let j(g) = 3*g + g**2 - g - 1 - u. Calculate the remainder when 19 is divided by j(-5).
9
Suppose -241 = -11*u + 56. Calculate the remainder when u is divided by 22.
5
Let d = 278 + -180. Suppose 5*i - 5*x = 3*i + 51, -i + x + 30 = 0. What is the remainder when d is divided by i?
32
Let z(l) = 2*l**2 - 7*l + 10. Calculate the remainder when z(4) is divided by 5.
4
Let u = -2 + 7. Suppose -m + 2*j = -31, u*m = 5*j - 14 + 189. What is the remainder when m is divided by 14?
11
Calculate the remainder when 38 is divided by (44/(-10))/(98/(-490)).
16
Let r(p) = 13*p - 146. Suppose -7 - 5 = -4*z. What is the remainder when r(12) is divided by z?
1
Let x be ((-2)/(-6))/(((-33)/9)/(-11)). What is the remainder when 63 is divided by 48/12 + 12 + x?
12
Let w = -7 - -4. Let p be -2 + -2 + (w - -17). Suppose -j + 29 = -p. Calculate the remainder when j is divided by 20.
19
Suppose -122*r = -40*r - 15744. Calculate the remainder when r is divided by 49.
45
Let y = 24 + -14. Calculate the remainder when ((-1826)/55)/((-4)/y) is divided by 21.
20
Let y = 24 + -13. What is the remainder when (2/4)/(2270/(-380) + 6) is divided by y?
8
Suppose 66 - 1 = 5*j. What is the remainder when j is divided by 9?
4
Let a(l) = 2*l**3 + 15*l**2 - 10*l + 14. Let q be a(-8). Let z = 35 - q. What is the remainder when z is divided by 5?
0
Let q = 183 + -118. Let t = -508 + 522. Calculate the remainder when q is divided by t.
9
Let v(g) = g**3 - 4*g**2 - 2*g + 5. Let d be v(5). Suppose i = 6*i + d. Calculate the remainder when ((-54)/15)/(i/80) is divided by 37.
35
Let x be -14 - -22 - (0 + -2). Suppose -2*d + x - 2 = 0. What is the remainder when d is divided by 2?
0
Let q = -255 - -261. What is the remainder when q is divided by 1?
0
Suppose 10*f + 25*f = 945. Calculate the remainder when 63 is divided by f.
9
Suppose -2*y - 3*j - 2*j = -83, 5*y - 5*j = 120. Calculate the remainder when y is divided by 17.
12
Suppose 3*r = -2*p + 130, 2*p = -2*r - 0*r + 90. Let u(c) = c**2 - 18*c + 7. What is the remainder when r is divided by u(0)?
5
Suppose -v + 9 + 3 = -2*x, -2*v - 1 = x. Suppose v*w = -3*w + 90. Calculate the remainder when 69 is divided by w.
15
Suppose -3*j - 7*r + 9*r = -55, -3*j + 53 = -4*r. What is the remainder when j is divided by 19?
0
Let p = 219 - 136. Calculate the remainder when p is divided by (-1 - 2/(-6))*(-5106)/148.
14
Suppose 8*b - 4*b = 16. Suppose b*p + 4*k - 132 = 0, 2*k + k = 2*p - 56. Let s(u) = 32*u - 3. What is the remainder when s(2) is divided by p?
30
Let h(p) = p**3 + 3*p**2 - 10*p + 5. Let o be h(-5). Let t(i) = 2*i**2 - 9*i + 11. What is the remainder when t(o) is divided by 6?
4
Let m(t) = t**3 - 5*t**2 + 13*t - 7. Let c be m(8). Let h = c + -206. Calculate the remainder when h is divided by 21.
20
Let h(f) = -f + 14. Let s be 18/15*80/(-12). What is the remainder when 78 is divided by h(s)?
12
Suppose m + 5*r = 51, -m + 0*r + 27 = -r. Calculate the remainder when 40 is divided by m.
9
Suppose 132 = 6*d - 2*d. Calculate the remainder when d is divided by 150/8 + (-1)/(-4).
14
Suppose -1753 = -16*y + 39. Calculate the remainder when y is divided by 19.
17
Suppose 5 = 3*o - 7. Suppose k - 31 = 5*r, k + 2*r + o = 14. Suppose 0 = 14*j - 13*j - k. Calculate the remainder when 63 is divided by j.
15
Calculate the remainder when 36 is divided by 7*(3 + (-8)/4).
1
Let o be (-24)/(-16)*(-40)/(-12). Suppose 40 = o*d - 205. What is the remainder when 195 is divided by d?
48
Let x(j) = 100*j**2 + 10*j - 2. What is the remainder when x(-2) is divided by 20?
18
What is the remainder when 386 - (-8 + 11) - 8 is divided by 94?
93
Let x(q) = q**3 + 47*q**2 + 89*q - 28. Calculate the remainder when 186 is divided by x(-45).
16
Let g = 223 - 135. Suppose 0 = -2*i + 4*f + 80, 4*i - i = -2*f + g. Calculate the remainder when i is divided by 17.
15
Let o(k) = -k**3 + 13*k**2 - 9*k - 12. Suppose -4*z = -6*z. Suppose 2*x = -3*d + 24, -2*d + z*d = -4*x + 48. What is the remainder when o(x) is divided by 13?
11
Let v = -104 + 124. Suppose -51 = a - 3*q, 3*q + 160 = -3*a - 17. Let t = 20 - a. Calculate the remainder when t is divided by v.
17
What is the remainder when (-144)/20*((-45)/10 - -2) is divided by 13?
5
Let u(b) = -b**2 + 12*b - 14. Let i be u(10). What is the remainder when 372/i - 0/2 is divided by 13?
10
Let y(w) = -4*w**2 + 9*w - 8. Let p be y(8). Let k = p - -322. Let q = -21 + 54. What is the remainder when k is divided by q?
31
Let i(v) = v**3 + 18*v**2 + 13*v - 5. Calculate the remainder when 120 is divided by i(-17).
57
Suppose 0*z + 2255 = 11*z. What is the remainder when z is divided by 21?
16
Suppose 5*w = -4*q + 1884, -2*w - 471 = -7*q + 6*q. What is the remainder when q is divided by 25?
21
Suppose n - 3024 = -71*n. Calculate the remainder when 87 is divided by n.
3
Let z(w) = -2*w**3 + 2*w**2 + 2. Let a be z(2). Let f(l) = -6*l + 17. Calculate the remainder when f(a) is divided by 18.
17
Suppose -5*h = 67 - 187. Let m(r) = r + 2. Let o = 17 - 10. Calculate the remainder when h is divided by m(o).
6
What is the remainder when (-20 + 15)*1*11/(-1) is divided by (-19)/(-3 + 6/3)?
17
Let c = -37 + 42. Let k(z) = -z**3 + 8*z**2 + 10*z + 5. Calculate the remainder when k(9) is divided by ((-24)/c + 4)/((-2)/10).
2
Let w = 20 + -22. Let d(a) = 4*a + 1. Calculate the remainder when (-1 + 7/(-2))*w is divided by d(1).
4
Suppose -3598 = -35*y + 1057. Calculate the remainder when y is divided by 8.
5
Suppose 2*n = -r - n, 4*n = -r - 3. Let k = -261 + 322. Calculate the remainder when k is divided by r.
7
Suppose -4*z - 12 = 0, -30*t - 66 = -33*t - 5*z. Calculate the remainder when 198 is divided by t.
9
Suppose 6 = m + m. Suppose -2*f = 8, -f = m*v - 6*f - 2. Calculate the remainder when (0 - -100)*v/(-12) is divided by 18.
14
Suppose 9*k + 2*k = 3091. Let p = -134 + k. What is the remainder when p is divided by 15?
12
Suppose 2*c = -2*a + 206, -9*a + 7*a + 209 = c. Calculate the remainder when a is divided by 32.
10
Suppose 3*n + 0*n - 28 = u, 21 = 2*n - 3*u. Suppose -n = 3*g + 4*k - 59, -30 = -5*g + 4*k. Calculate the remainder when 19 is divided by g.
9
Suppose -94*t = -89*t + 180. Let v = t - -52. Calculate the remainder when 61 is divided by v.
13
Let r(l) = 2*l**2 - 7*l - 57. Let h be (-1396)/(-6) + (-6)/9. Suppose -2*b + h = 2*b. Calculate the remainder when b is divided by r(8).
13
Calculate the remainder when 215 is divided by -19 + 19 - (-55 - 1).
47
Let b(s) = s**2 + 13*s + 55. What is the remainder when b(-11) is divided by 15?
3
Suppose -5*z + 32 = -53. Let h(y) = 2*y**2 + 2*y + 0 + 25*y**3 - 35*y**3 - y**2 + 1. What is the remainder when z is divided by h(-1)?
7
Let m(s) = -s**3 + 5*s**2 + s - 3. Let f(k) = -k - 4. Let z be f(-2). Let l be z/(-3)*3 - -2. What is the remainder when 32 is divided by m(l)?
15
Let p be (1 + 1)*3/2. Suppose -21 = -p*m - 0*m. What is the remainder when 23 is div